6*8. What is the units digit of 18 + (p - 20/(-4))?
2
Let y be (-2)/(-12) + 26626/12. Suppose -3*h - 2*q = -3*q - 2227, 3*h + q = y. What is the units digit of h?
1
Suppose 47*g + 3*h = 44*g + 46479, 5*g + 3*h = 77453. What is the ten thousands digit of g?
1
What is the tens digit of ((-195)/(-260) - (-2)/(-8)) + 286445/10?
4
Let s(x) = -27*x + 47*x + 58*x + 90*x + 27 - 38*x. What is the thousands digit of s(11)?
1
Let m be 186/(-6) - (-1 - 4)*1. What is the hundreds digit of 3746/5 + m/130?
7
Suppose 3*l - 2 - 13 = 0, 3*p = 3*l + 1920. Suppose -650 = -3*n + 2*t - 0*t, 3*n + 3*t = p. What is the hundreds digit of n?
2
Let u(s) = s**3 + 6*s**2 + 2*s + 12. Suppose 103*g - 97*g = -30. What is the units digit of u(g)?
7
Let n(s) = 2*s - 62. Let y be n(32). What is the tens digit of y/(-6) + 910/39?
2
Let l = -15863 + 17792. What is the units digit of l?
9
Suppose -6*a - 8 = 2*a. Let x be 8/(a - (-3)/2). What is the units digit of (0 + 2/(-2))/(x/(-1472))?
2
Let b = -370 - -387. Suppose -19*u + 1012 = -b*u + 3*s, 0 = u + 4*s - 516. What is the units digit of u?
0
What is the hundreds digit of (-85)/51*(3 - 9585)?
9
Let x(w) = w**3 - w**2 + w - 2. Suppose -4*i + 15 = -21. Suppose 4*k = k + i. What is the units digit of x(k)?
9
Let o(w) = w**3 + 43*w**2 - 38*w - 989. What is the tens digit of o(-23)?
6
Let k(a) = -2*a**3 - 4*a**2 + 3*a. Let l be k(1). Let m be (230/(-4))/5 - l/(-6). Let f(r) = -6*r + 52. What is the hundreds digit of f(m)?
1
Let i(r) = -r**3 + 48*r**2 - 126*r + 37. What is the ten thousands digit of i(36)?
1
Let z = -22699 + 50530. What is the units digit of z?
1
Let k(d) = -8*d - 29. Let u = 17 - 16. Suppose y = u, 4*o - 3*y = -6*y - 49. What is the tens digit of k(o)?
7
Suppose -2*d - w = 262, -62 = 2*d - 3*w + 192. Let c = 2 - d. What is the tens digit of c?
3
Suppose p = -5*n + 615, 0*n + 3*n - 377 = p. Let d = n - 88. Let t = d + 22. What is the units digit of t?
8
Suppose 4*d + k - 629 = 0, -d + 2*k - 3*k = -155. Suppose 4*n = -298 - d. What is the tens digit of (0 - -1)/((-6)/n) - 0?
1
Let b(j) = j**3 + 15*j**2 + 2*j - 24. Let h be b(-15). Let n = h - -52. What is the tens digit of 0/(4/n) + 110 + 2?
1
Let u be 7/(28/(-4)) - 1*-220. Suppose -2*r = -h + 73, 2*h - u = -h + r. What is the tens digit of h?
7
Suppose 20*f + 4 = 24*f. Suppose -z + f = -n, -5*n + 3 = -3*z + 2. Suppose 0 = -2*t - 5*q + 215, 116 = -n*t + 4*q + 340. What is the units digit of t?
0
Let u = 223 - 220. Suppose 3*i + 6 = 21, 2*y + u*i = 537. What is the units digit of y?
1
Suppose 10*j + 15 = 55. Suppose 20 = -j*h + 8. Let d(q) = -18*q + 10. What is the units digit of d(h)?
4
Let n(l) = 241*l**3 + l**2 - 2*l + 2. Suppose -49*p + 37 = -12*p. What is the hundreds digit of n(p)?
2
Suppose -3*a = 5*c - 40, -2*a - 7*c - 10 = -11*c. Suppose -1926 = -a*t + 1114. What is the tens digit of t?
0
What is the units digit of (-204)/10*(-8 + 18828/(-54))?
6
Let k(x) = -2164*x - 1403. What is the ten thousands digit of k(-10)?
2
Let q be (0 - 2/5)*30/(-3). Let g be (-1)/1*-5 - q. What is the tens digit of (-3 - (g - 6))/((-6)/(-267))?
8
Suppose 0 = -5*w + 4*p + 32830, -15*w - 3*p - 19701 = -18*w. What is the units digit of w?
2
Suppose 147967 = 28*k - 68*k + 1182687. What is the hundreds digit of k?
8
Suppose -3*p - 2*s + 2 = 0, 4*s - 3 = -4*p + 1. Suppose 0 = -b - v + 32, 5*v - 12 - 3 = p. What is the units digit of b?
9
Let r be 4*(9/(-2))/(-9). Suppose 342 = 5*z - r*q + 65, 0 = -3*z - 3*q + 162. What is the units digit of z?
5
Let o(c) = 2*c**3 + c**2 - 42*c + 21. Let l be o(5). Let y = -73 + -5. Let p = y + l. What is the units digit of p?
8
Let l = -236 + 500. Let j = -51 + l. Suppose 0 = -2*w - g + j, g - 164 - 156 = -3*w. What is the hundreds digit of w?
1
Suppose -4*f + 137 = -71. Suppose i - f = 74. What is the units digit of i?
6
Let z(i) = i**3 - 8*i**2 - 16*i + 9. Let w = -189 + 201. What is the hundreds digit of z(w)?
3
Let r = 28335 + -16875. What is the hundreds digit of r?
4
Let f(n) = -550*n - 1169. What is the hundreds digit of f(-3)?
4
Suppose 8*i = -7*i + 210. Suppose 12*s - i*s + 488 = 0. What is the units digit of s?
4
Let b(j) = -j**2 - 2*j + 50. Let v be b(-15). Let l = 15 + v. Let z = 292 + l. What is the units digit of z?
2
Let q(u) = 277*u**2 + 161*u - 81. What is the thousands digit of q(-10)?
6
Suppose -3*w - 159 = 3*d, d = -2*w + 26 - 84. Let a be (0 - d/18)*(-3)/(-4). What is the units digit of 7 + -9 + 80 + -1*a?
6
Suppose 376*z - 1197065 = 280*z + 949303. What is the thousands digit of z?
2
Let q(r) be the third derivative of 3*r**4/8 - 103*r**3/6 - r**2 + 2. What is the units digit of q(29)?
8
Let t(f) = 2*f - 32. Let n be t(15). Let l(r) = 15*r**2 - 3. Let z be l(n). Let g = 170 - z. What is the hundreds digit of g?
1
Suppose 0 = 2*l + 19 - 11, 2*l + 1782 = -2*z. Let k = 2335 + z. What is the units digit of k?
8
Let n(q) = 22*q**2 - 51*q - 547. What is the tens digit of n(-15)?
6
Suppose -5*z + 181956 = -3*r, 0*r - 4*r + 109220 = 3*z. What is the units digit of z?
6
What is the hundreds digit of ((-6833)/(-6))/((-56)/(-672))?
6
Suppose 0 = -10*d + 5*d - 120. Let y(f) = -20*f + 4. Let j be y(d). Let u = j + -325. What is the hundreds digit of u?
1
Suppose 60*l - 183066 = 21894. What is the hundreds digit of l?
4
Suppose 24730 - 79260 = -33*j - 2*j. What is the thousands digit of j?
1
What is the tens digit of ((-13)/(-2) + -3)/(((-40)/10)/(-12976))?
5
Let o = -518 + 375. Let s = o - -165. What is the units digit of s?
2
Let w(h) = 25*h**3 - h**2 + 14 + 10*h**3 - 5*h + 0*h**2. What is the units digit of w(2)?
0
Suppose -6*j = 17 - 29. Suppose -j*w - 4*r + 544 = -0*w, 3*w = -3*r + 804. What is the tens digit of w?
6
Let n = 145 + -142. Suppose -3*v + 55 = -2*s - 570, n*v + s = 637. What is the units digit of v?
1
Suppose -7*p + 14*p - 88543 = -6*p. What is the thousands digit of p?
6
Let f be (-11)/(3*(-2)/(-18)). Let g be 44/f*(-18)/4. Suppose -3*p + g*p + 339 = 3*r, -2*p + 551 = 5*r. What is the units digit of r?
1
Suppose 2*z + 1052 = 3*n, -2*n - 3*z + 347 = -n. Let f = 707 - n. What is the units digit of f?
7
Suppose -62460 = -5*t - 2*g, 5*g = -689*t + 693*t - 50001. What is the ten thousands digit of t?
1
Let r be (-1552)/(-32)*(-6)/(9/3). Let m(w) = -4*w + 1. Let x be m(6). Let u = x - r. What is the tens digit of u?
7
Let d(m) = -m**3 + 10*m**2 + 39*m + 13. What is the hundreds digit of d(9)?
4
Let s(x) = -4*x**3 + 3*x + 2. Let g be s(-1). Suppose 843 = -g*n + 2154. What is the hundreds digit of n?
4
Let b = -214 - -217. Suppose -p - b*d = -374, p = 2*d - 148 + 542. What is the units digit of p?
6
Let k(d) = d**3 + 15*d**2 + 39*d + 48. What is the tens digit of k(-10)?
5
What is the hundreds digit of (1 + -6)*(-4709124)/1260?
6
Let l(w) = 18*w - 3. Let t(x) = 6*x - 1. Let g(y) = -3*l(y) + 8*t(y). Let p be g(-6). Let h = -29 + p. What is the units digit of h?
8
Suppose 5*v - 335 = 5*g, -3*g = -0*g + 3*v + 189. Let a be (-3 + 366)*(-2)/(-6). Let h = g + a. What is the units digit of h?
6
What is the tens digit of 28627 - ((-32)/64)/((-2)/28)?
2
Let x be (5/2)/(6/36). Let t be (-1 - 25/x)*12/(-8). What is the hundreds digit of ((-2)/1)/t + (-3213)/(-18)?
1
Let q(l) = -l**3 + 51*l**2 - l + 44. Let r be q(51). Let y(a) = 31*a - 17. Let t(z) = -z - 1. Let g(h) = t(h) - y(h). What is the units digit of g(r)?
0
Suppose -587060 = -54*n + 1030402. What is the hundreds digit of n?
9
Suppose 381 + 2367 = -f - 2*q, 0 = -3*q - 12. Let w = -1761 - f. What is the tens digit of w?
7
Suppose -304*y = -31*y - 4664992 - 465224. What is the units digit of y?
2
Let r = -93 + 199. Suppose -r = -4*t - 18. Suppose l + 2*w - t = 38, -l + 5*w = -25. What is the tens digit of l?
5
Let p(o) be the third derivative of -o**6/120 + o**5/30 - 5*o**4/24 + 106*o**3/3 + 69*o**2. What is the units digit of p(0)?
2
Suppose 5*d + 38 = 48. Let b(n) = 88*n. Let y be b(d). Suppose 2*o = 4*o + 4*t - y, 5*t = 4*o - 365. What is the units digit of o?
0
Let l(m) = -10*m**3 - 3*m**2 - 18*m - 36. Let b be l(-4). Let q = -465 + b. What is the hundreds digit of q?
1
Let v = 1543 + -1045. Let j = v - 190. What is the hundreds digit of j?
3
Suppose 2*x = -0*w - 24*w + 34138, -2*x - 4*w = -34138. What is the ten thousands digit of x?
1
What is the thousands digit of -3 + -13 + 373